{"id":35,"date":"2020-01-22T20:53:58","date_gmt":"2020-01-22T20:53:58","guid":{"rendered":"http:\/\/wiesen-imkerei.de\/?page_id=35"},"modified":"2023-10-20T15:51:41","modified_gmt":"2023-10-20T15:51:41","slug":"produkte","status":"publish","type":"page","link":"https:\/\/wiesen-imkerei.de\/?page_id=35","title":{"rendered":"Produkte"},"content":{"rendered":"\n<p>Ich biete euch ausschlie\u00dflich selbst gefertigte Produkte mit Honig oder Wachs aus meiner eigenen Imkerei an. <\/p>\n\n\n\n<p class=\"has-text-align-left\"><strong>Honig<\/strong> (500g und 250g)<\/p>\n\n\n\n<ul class=\"wp-block-list\">\n<li> Rapshonig <\/li>\n\n\n\n<li> Fr\u00fchlingsbl\u00fctenhonig <\/li>\n\n\n\n<li> Lindenbl\u00fctenhonig <\/li>\n<\/ul>\n\n\n\n<p><strong>Bienenwachst\u00fccher<\/strong> mit Propolis (in verschiedenden Gr\u00f6\u00dfen)<\/p>\n\n\n\n<ul class=\"wp-block-list\">\n<li>u.a. Brottuch (40&#215;40)<\/li>\n<\/ul>\n\n\n\n<p><strong>Propolis Tinktur zu Immunst\u00e4rkung<\/strong><\/p>\n\n\n\n<p><\/p>\n\n\n\n<p><strong>Bienenwachs 100 % reines eigenes Wach<\/strong><\/p>\n\n\n\n<p><strong>handgesiedete Kr\u00e4uterseifen mit Honig oder Propolis<\/strong><\/p>\n\n\n\n<div class=\"wp-block-group\"><div class=\"wp-block-group__inner-container is-layout-flow wp-block-group-is-layout-flow\"><\/div><\/div>\n\n\n\n<p><\/p>\n","protected":false},"excerpt":{"rendered":"<p>Ich biete euch ausschlie\u00dflich selbst gefertigte Produkte mit Honig oder Wachs aus meiner eigenen Imkerei an. Honig (500g und 250g) Bienenwachst\u00fccher mit Propolis (in verschiedenden Gr\u00f6\u00dfen) Propolis Tinktur zu Immunst\u00e4rkung Bienenwachs 100 % reines eigenes&hellip; <a href=\"https:\/\/wiesen-imkerei.de\/?page_id=35\">Mehr<\/a><\/p>\n","protected":false},"author":1,"featured_media":0,"parent":0,"menu_order":0,"comment_status":"closed","ping_status":"closed","template":"","meta":{"footnotes":""},"class_list":["post-35","page","type-page","status-publish","hentry"],"_links":{"self":[{"href":"https:\/\/wiesen-imkerei.de\/index.php?rest_route=\/wp\/v2\/pages\/35","targetHints":{"allow":["GET"]}}],"collection":[{"href":"https:\/\/wiesen-imkerei.de\/index.php?rest_route=\/wp\/v2\/pages"}],"about":[{"href":"https:\/\/wiesen-imkerei.de\/index.php?rest_route=\/wp\/v2\/types\/page"}],"author":[{"embeddable":true,"href":"https:\/\/wiesen-imkerei.de\/index.php?rest_route=\/wp\/v2\/users\/1"}],"replies":[{"embeddable":true,"href":"https:\/\/wiesen-imkerei.de\/index.php?rest_route=%2Fwp%2Fv2%2Fcomments&post=35"}],"version-history":[{"count":12,"href":"https:\/\/wiesen-imkerei.de\/index.php?rest_route=\/wp\/v2\/pages\/35\/revisions"}],"predecessor-version":[{"id":163,"href":"https:\/\/wiesen-imkerei.de\/index.php?rest_route=\/wp\/v2\/pages\/35\/revisions\/163"}],"wp:attachment":[{"href":"https:\/\/wiesen-imkerei.de\/index.php?rest_route=%2Fwp%2Fv2%2Fmedia&parent=35"}],"curies":[{"name":"wp","href":"https:\/\/api.w.org\/{rel}","templated":true}]}}